ts digit of r?
9
Let g(h) = h**2 + 9*h + 7. Let o be g(-5). Let a = o - -23. What is the tens digit of a?
1
Suppose 0 = -8*c - 5*c + 962. What is the units digit of c?
4
Let r = 7 + -4. Suppose -r*u = -4*u - 4*b + 67, -b = 5*u - 316. What is the tens digit of u/6 + (-3)/6?
1
Suppose -3*i = -309 - 15. What is the tens digit of i?
0
Let o be 10/4 - 1/(-2). Suppose -o*f + 4 + 2 = 0. Suppose 3*x = f*x + 2. What is the units digit of x?
2
Suppose h - 4 = 20. Suppose -w = -3*w + h. What is the tens digit of w?
1
Let n = 1 + 1. Suppose -23 + 5 = -n*r. What is the units digit of r?
9
Let o(x) = x**3 + x**2 - 3*x - 4. Let m(p) = p**3 - p - 1. Let g(c) = 2*m(c) - o(c). What is the units digit of g(2)?
8
Let a(q) = q + 9. Let b be a(-7). Suppose b*s + 2*s - 52 = 0. What is the units digit of s?
3
Let f = -126 + 184. What is the tens digit of f?
5
Let v(m) = -9*m**2 + 19*m - 23. Let w(a) = -4*a**2 + 9*a - 11. Let b(s) = 3*v(s) - 7*w(s). Let x be b(6). What is the units digit of (-78)/4*x/(-12)?
3
Let u = 90 - 14. What is the tens digit of u?
7
Let u(j) = -j**2 - 2*j + 2. Let r be u(-4). Let d = 1 - r. What is the tens digit of 6/21 - (-110)/d?
1
Suppose 38 = 4*t - 74. What is the tens digit of t?
2
Let p(c) = 2*c**2 - 3*c + 3. Let n be p(2). Suppose n*b - 85 = -0*b. What is the tens digit of b?
1
Let k(h) = h**2 - 7*h + 6. Let i be k(6). Suppose -3*n + 5*n - 4 = i. Suppose n + 4 = 2*c. What is the units digit of c?
3
What is the units digit of (-5)/3 + 2 + (-580)/(-6)?
7
What is the tens digit of 5/(-9 - -4) - -47?
4
Let v = -19 - -26. Let k(r) = -r + 12. Let p(c) = -c + 13. Let o(j) = 3*k(j) - 2*p(j). What is the units digit of o(v)?
3
Let r(u) = -u**2 + 23*u - 11. What is the tens digit of r(22)?
1
Let y(o) = o**2 + o - 13. Let x(w) = 2*w**2 + 2*w - 27. Let g(p) = 3*x(p) - 5*y(p). What is the units digit of g(-9)?
6
What is the hundreds digit of 2 + ((-38)/(-3))/((-10)/(-360))?
4
Let k be 46/8 - 1/(-4). Suppose 0 = 3*d - k*d - q + 21, -q = 3. What is the units digit of d?
8
Let r = 22 - 9. What is the tens digit of r?
1
Let g = 72 - 27. What is the units digit of g?
5
Suppose -3*d + 2*d = 6. Let n be 2/d*(-8 - -2). Suppose n*j = -j + 12. What is the units digit of j?
4
Suppose 0 = 3*w - 2*z + 15, -w + 8 = -0*w - 5*z. Let u(o) be the first derivative of o**4/4 + 2*o**3 - 4*o**2 - o + 1. What is the units digit of u(w)?
6
Let p be ((-2)/(-5))/((-1)/5). Let z = 31 + p. What is the units digit of z?
9
Suppose 4*n - 2*v - 132 = 0, 2*n - 4*v = -n + 89. Suppose n = 5*o - 55. What is the units digit of o?
8
Let n = 6 + -2. Let r(w) = w**2 - 3*w - 5. Let k be r(n). What is the units digit of k + 1 + (7 - -1)?
8
Suppose -2*i = 3*d - 652, -5*d + 0*i + 1084 = 2*i. What is the units digit of d?
6
Let r = 8 + -7. Suppose -r - 9 = -5*c. What is the units digit of c?
2
Suppose 0 = 4*q - 9*q + 195. What is the units digit of q?
9
Let z(m) = 2 - m + 0 + 0*m + 1. What is the tens digit of z(-16)?
1
Suppose f - 42 = -s, -3*s - 5*f - 166 = -6*s. Suppose c + 3*c - s = 5*z, -3*z + 2*c - 27 = 0. What is the units digit of (z + 5)/((-2)/3)?
3
Let u = 8 + 4. What is the tens digit of u?
1
Suppose 15 + 15 = a. Let n be (1 + 1)/(12/a). Suppose -2*w - 4*i = -w, n*w - 38 = -i. What is the units digit of w?
8
Let l(r) = -33*r + 6. What is the units digit of l(-3)?
5
Let a(h) = -4*h - 3. Suppose 0 = 4*b + 2*l + 4 + 8, 0 = 3*b + 2*l + 7. What is the units digit of a(b)?
7
What is the tens digit of (1 - (-2 - -187))/(-2)?
9
Let c = 18 - -3. What is the tens digit of c?
2
Let u(x) = -69*x**3 - x**2. Let s be u(-1). Suppose -8*t = -4*t - s. What is the units digit of t?
7
Suppose 0*p = -3*c + 5*p + 40, 3*p + 42 = 3*c. Let w be 33 - 6/(-4)*-2. Let x = w - c. What is the tens digit of x?
1
Let f(y) = -y**3 - y**2. What is the tens digit of f(-3)?
1
Suppose c + 5 = -0*c - 3*m, -c = -m + 13. Let v = c - -18. Suppose 0 = 4*t - 9 - v. What is the units digit of t?
4
Let u(z) be the first derivative of -5*z + 4*z**2 - 1/3*z**3 + 2. What is the units digit of u(6)?
7
Suppose 4*q = i - 122 + 39, -q + 249 = 3*i. What is the units digit of i?
3
Suppose -4*y = -3*y - 3*l - 69, 0 = -3*y - 4*l + 194. What is the units digit of y?
6
Let l(x) = x**2 - 15*x + 4. What is the units digit of l(19)?
0
Let q = 11 - 5. Let d be q/4*8/3. Suppose -z = -d*z + 5*c + 30, 18 = 3*z - c. What is the units digit of z?
5
Suppose -3*l = 8*l - 539. What is the units digit of l?
9
Suppose 4 + 26 = 5*q. What is the units digit of q?
6
Let f(m) = m**3 + 5*m**2 + 6. Let z(v) be the second derivative of -v**4/12 - v**3 + v**2 + 3*v. Let d be z(-7). What is the units digit of f(d)?
6
Let d be -1 + 4/(-4) + 0. Let k = d + 8. What is the units digit of k?
6
Let a = 3 + 1. Suppose -i + z = 2*z - 8, z - a = 0. What is the units digit of 1/2 + 22/i?
6
Let g(r) = 3*r - 7. Let u be g(5). Let f = u - -1. Suppose 4*q - f = q. What is the units digit of q?
3
Suppose -r = -3*r + 3*w + 138, r + 3*w - 78 = 0. What is the tens digit of r?
7
Let k be -10 - (-3 + 1)*1. Let w(f) = -2*f - 12. Let j be w(k). Suppose -y + j = x, -4*x = y - x. What is the units digit of y?
6
Suppose 0 = -10*b + 6*b - 80. Let l = 12 + b. What is the tens digit of 60/l*24/(-10)?
1
Let g(q) be the third derivative of q**5/30 - q**4/24 - q**3 - 6*q**2. What is the units digit of g(-4)?
0
Let x(z) = z**3 - 9*z**2 + 3*z - 10. Let u(p) = 5*p + 4. Let m(s) = 9*s + 8. Let d(i) = 6*m(i) - 11*u(i). Let g be d(-5). What is the units digit of x(g)?
7
Suppose -3*a + 4 + 2 = 0, 4*u = -4*a + 124. What is the units digit of u?
9
Let p(g) = -5*g + 2. Let y be p(-3). Let i = -12 + y. What is the units digit of i?
5
Let r = 6 + 3. Suppose r*m = 4*m + 40. What is the units digit of m?
8
Let h = 232 + -153. What is the tens digit of h?
7
Let w be 61/1 - (-45)/(-15). Let s be 16/6*(-6)/2. What is the units digit of 2/(-8) - w/s?
7
Suppose -4*o - 63 = a, o + 3*o = 3*a + 157. Let x = 77 + a. What is the units digit of x?
2
Suppose 887 + 625 = 8*u. What is the hundreds digit of u?
1
Suppose 0 = v + v - 160. Suppose 3*t + v = 4*j, -8*j - t + 81 = -3*j. Let u = j - 6. What is the units digit of u?
1
Let a(q) be the second derivative of q**5/20 + 7*q**4/12 - q**3/2 - q**2/2 - 4*q. What is the tens digit of a(-7)?
2
Let v = 119 + -66. Suppose 5*i - 2 - v = 0. What is the units digit of i?
1
Let m(f) = -2*f**3 - 6*f**2 - 3*f - 3. Let y(x) = 0*x**3 - 2*x - 2 + 4*x**2 - x**3 - 7*x**2. Let s(l) = -3*m(l) + 5*y(l). What is the units digit of s(2)?
7
Suppose 5*q - 340 = 3*d, 0*d - 272 = -4*q - 4*d. Let k = q - 22. What is the tens digit of k?
4
Let r(w) = -11*w**3 - w**2 + 1. Suppose -a + 4*m = -0*a - 7, m + 6 = -4*a. What is the tens digit of r(a)?
1
Suppose o + 3*n = 2*n + 2, -4*n = -o - 8. Suppose -3*k + 7 + 17 = o. What is the units digit of k?
8
Let o(x) = -4*x - 2. What is the units digit of o(-5)?
8
What is the tens digit of 2*29*(-6)/(-12)?
2
Let s be (2 + -5)*1*11. Let y = s - -53. What is the units digit of y?
0
Suppose 2*a + 0*o + 7 = -5*o, 4*a + 4*o = 4. Suppose c + 1 = -2*f, -11 = a*f - 3*c + 8*c. What is the units digit of f?
1
Let b = 52 + -36. Suppose -14 - b = -3*z. Let a = z + -6. What is the units digit of a?
4
Let l be 2*-1 - 3/3. Let f be ((-2)/l)/(3/27). What is the units digit of (10/f)/((-1)/(-3))?
5
Let b(l) = 2*l - 7 + 4 + 10*l - l**2. What is the units digit of b(10)?
7
Suppose -j - 3*h - 22 = 0, -3*j = 2*h - 7*h + 10. What is the tens digit of (-4)/j - (-552)/20?
2
Suppose -21 = 7*w - 14. Let f(v) = 1 + 0 + v**2 + 4*v**2. What is the units digit of f(w)?
6
Let a be (-1 + 3)*3/(-2). Let g = 6 + a. Suppose -26 = -j - 4*b, -g*j - 5*b + 43 = -0*b. What is the units digit of j?
6
Let x(i) = i**3 + 2*i**2 + 2. Let f be x(-2). Let d(a) = a**3 - 5*a**2 + 3*a - 10. Let u be d(5). Suppose u*s = f*s + 45. What is the units digit of s?
5
Let x = 111 + -197. Let u be x/(-10) - 6/(-15). What is the units digit of 0 - (1 + u)*-1?
0
Suppose 3*b - 65 + 2 = 0. Suppose 0 = -2*p - p + b. Suppose m - p - 41 = -3*j, 16 = j + 4*m. What is the units digit of j?
6
Suppose -3*c = -4*q - 2*c + 4, 2*c + 8 = q. Suppose q*k - 12 = 3*k. What is the units digit of (-342)/(-30) + k/10?
1
Let d(a) = -3*a**3 - 2*a**2 + 1. Let r be d(-1). Let y be -2 + 4 - 0 - -4. What is the units digit of y + (0 - -1*r